 the remainder when 258 is divided by 45?
33
Calculate the remainder when 15893 is divided by 662.
5
What is the remainder when 2371 is divided by 29?
22
Calculate the remainder when 12890 is divided by 4.
2
What is the remainder when 1623 is divided by 150?
123
What is the remainder when 89 is divided by 25?
14
What is the remainder when 188 is divided by 92?
4
What is the remainder when 40 is divided by 9?
4
Calculate the remainder when 139 is divided by 19.
6
Calculate the remainder when 64 is divided by 14.
8
Calculate the remainder when 18 is divided by 10.
8
Calculate the remainder when 83 is divided by 12.
11
What is the remainder when 19962 is divided by 312?
306
Calculate the remainder when 10985 is divided by 67.
64
Calculate the remainder when 1217 is divided by 10.
7
What is the remainder when 7048 is divided by 25?
23
Calculate the remainder when 209 is divided by 53.
50
Calculate the remainder when 1053 is divided by 133.
122
What is the remainder when 36 is divided by 23?
13
What is the remainder when 133 is divided by 29?
17
What is the remainder when 1353 is divided by 110?
33
What is the remainder when 236 is divided by 6?
2
Calculate the remainder when 161 is divided by 41.
38
Calculate the remainder when 7468 is divided by 97.
96
Calculate the remainder when 459 is divided by 157.
145
Calculate the remainder when 9 is divided by 3.
0
Calculate the remainder when 25 is divided by 13.
12
What is the remainder when 416 is divided by 31?
13
What is the remainder when 865 is divided by 196?
81
Calculate the remainder when 1682 is divided by 334.
12
What is the remainder when 1001 is divided by 999?
2
What is the remainder when 348 is divided by 4?
0
Calculate the remainder when 366 is divided by 52.
2
Calculate the remainder when 123 is divided by 47.
29
Calculate the remainder when 1309 is divided by 69.
67
Calculate the remainder when 25 is divided by 12.
1
Calculate the remainder when 30 is divided by 19.
11
What is the remainder when 66 is divided by 39?
27
What is the remainder when 94 is divided by 54?
40
Calculate the remainder when 258 is divided by 257.
1
Calculate the remainder when 261 is divided by 72.
45
Calculate the remainder when 162 is divided by 15.
12
What is the remainder when 48 is divided by 5?
3
What is the remainder when 1967 is divided by 52?
43
Calculate the remainder when 30 is divided by 21.
9
Calculate the remainder when 1009 is divided by 23.
20
Calculate the remainder when 741 is divided by 232.
45
Calculate the remainder when 1024 is divided by 1012.
12
Calculate the remainder when 243 is divided by 45.
18
What is the remainder when 9016 is divided by 27?
25
Calculate the remainder when 432 is divided by 21.
12
What is the remainder when 35 is divided by 9?
8
What is the remainder when 458 is divided by 17?
16
What is the remainder when 29064 is divided by 26?
22
Calculate the remainder when 1471 is divided by 81.
13
Calculate the remainder when 140 is divided by 16.
12
Calculate the remainder when 2592 is divided by 100.
92
What is the remainder when 219 is divided by 114?
105
Calculate the remainder when 3288 is divided by 6.
0
What is the remainder when 2235 is divided by 318?
9
What is the remainder when 298 is divided by 16?
10
Calculate the remainder when 367 is divided by 99.
70
What is the remainder when 111 is divided by 18?
3
What is the remainder when 820 is divided by 225?
145
What is the remainder when 687 is divided by 576?
111
Calculate the remainder when 22 is divided by 5.
2
Calculate the remainder when 220 is divided by 38.
30
Calculate the remainder when 894 is divided by 163.
79
What is the remainder when 718 is divided by 38?
34
What is the remainder when 437 is divided by 138?
23
What is the remainder when 128 is divided by 2?
0
Calculate the remainder when 1380 is divided by 469.
442
Calculate the remainder when 5302 is divided by 8.
6
Calculate the remainder when 98 is divided by 71.
27
Calculate the remainder when 1279 is divided by 8.
7
Calculate the remainder when 52 is divided by 25.
2
Calculate the remainder when 1219 is divided by 115.
69
What is the remainder when 726 is divided by 198?
132
What is the remainder when 949 is divided by 178?
59
What is the remainder when 221 is divided by 88?
45
What is the remainder when 41 is divided by 4?
1
What is the remainder when 455 is divided by 58?
49
Calculate the remainder when 25 is divided by 5.
0
What is the remainder when 12933 is divided by 22?
19
Calculate the remainder when 1460 is divided by 485.
5
What is the remainder when 145 is divided by 8?
1
Calculate the remainder when 4221 is divided by 78.
9
Calculate the remainder when 121 is divided by 13.
4
What is the remainder when 61 is divided by 60?
1
Calculate the remainder when 99 is divided by 18.
9
What is the remainder when 314 is divided by 29?
24
Calculate the remainder when 1985 is divided by 289.
251
Calculate the remainder when 16 is divided by 4.
0
Calculate the remainder when 96 is divided by 49.
47
What is the remainder when 322 is divided by 65?
62
Calculate the remainder when 118 is divided by 109.
9
What is the remainder when 768 is divided by 164?
112
Calculate the remainder when 1120 is divided by 17.
15
What is the remainder when 117 is divided by 25?
17
What is the remainder when 4375 is divided by 15?
10
Calculate the remainder when 139 is divided by 30.
19
What is the remainder when 261 is divided by 22?
19
Calculate the remainder when 846 is divided by 107.
97
What is the remainder when 310 is divided by 25?
10
What is the remainder when 223 is divided by 61?
40
What is the remainder when 130 is divided by 50?
30
Calculate the remainder when 78 is divided by 78.
0
Calculate the remainder when 538 is divided by 60.
58
What is the remainder when 2235 is divided by 221?
25
Calculate the remainder when 49 is divided by 19.
11
What is the remainder when 368 is divided by 184?
0
What is the remainder when 271 is divided by 64?
15
What is the remainder when 362 is divided by 29?
14
Calculate the remainder when 4031 is divided by 72.
71
Calculate the remainder when 428 is divided by 27.
23
What is the remainder when 100 is divided by 39?
22
Calculate the remainder when 2999 is divided by 22.
7
What is the remainder when 428 is divided by 110?
98
What is the remainder when 338 is divided by 89?
71
Calculate the remainder when 521 is divided by 67.
52
Calculate the remainder when 263 is divided by 117.
29
Calculate the remainder when 497 is divided by 111.
53
What is the remainder when 951 is divided by 136?
135
Calculate the remainder when 4995 is divided by 19.
17
What is the remainder when 167 is divided by 113?
54
Calculate the remainder when 101 is divided by 27.
20
Calculate the remainder when 405 is divided by 185.
35
Calculate the remainder when 362 is divided by 31.
21
Calculate the remainder when 5862 is divided by 1461.
18
What is the remainder when 84 is divided by 43?
41
What is the remainder when 67 is divided by 56?
11
What is the remainder when 152 is divided by 11?
9
Calculate the remainder when 808 is divided by 204.
196
What is the remainder when 328 is divided by 33?
31
What is the remainder when 16257 is divided by 13?
7
What is the remainder when 66 is divided by 64?
2
Calculate the remainder when 35 is divided by 11.
2
What is the remainder when 5233 is divided by 4?
1
Calculate the remainder when 188 is divided by 122.
66
Calculate the remainder when 312 is divided by 202.
110
Calculate the remainder when 1082 is divided by 35.
32
What is the remainder when 56 is divided by 51?
5
Calculate the remainder when 2712 is divided by 209.
204
Calculate the remainder when 194 is divided by 90.
14
What is the remainder when 1832 is divided by 13?
12
What is the remainder when 181 is divided by 87?
7
Calculate the remainder when 1159 is divided by 58.
57
What is the remainder when 3045 is divided by 64?
37
What is the remainder when 105 is divided by 9?
6
Calculate the remainder when 297 is divided by 10.
7
Calculate the remainder when 682 is divided by 338.
6
What is the remainder when 453 is divided by 46?
39
What is the remainder when 1413 is divided by 20?
13
Calculate the remainder when 353 is divided by 160.
33
Calculate the rem